he remainder when 3168 is divided by 1004.
156
What is the remainder when 88933 is divided by 8?
5
What is the remainder when 890 is divided by 306?
278
What is the remainder when 7591 is divided by 146?
145
What is the remainder when 105112 is divided by 7007?
7
What is the remainder when 242690 is divided by 23?
17
Calculate the remainder when 10417 is divided by 362.
281
Calculate the remainder when 15536 is divided by 24.
8
What is the remainder when 525005 is divided by 419?
417
What is the remainder when 16793 is divided by 465?
53
Calculate the remainder when 27586 is divided by 438.
430
What is the remainder when 253052 is divided by 966?
926
Calculate the remainder when 631678 is divided by 329.
327
What is the remainder when 310762 is divided by 12?
10
Calculate the remainder when 2536 is divided by 24.
16
What is the remainder when 1197 is divided by 178?
129
Calculate the remainder when 530 is divided by 455.
75
Calculate the remainder when 2514436 is divided by 67.
60
Calculate the remainder when 96708 is divided by 628.
624
What is the remainder when 5689 is divided by 464?
121
What is the remainder when 128722 is divided by 149?
135
Calculate the remainder when 50951 is divided by 137.
124
What is the remainder when 2214507 is divided by 11?
9
Calculate the remainder when 312787 is divided by 13.
7
Calculate the remainder when 315257 is divided by 207.
203
Calculate the remainder when 2740330 is divided by 1081.
1076
Calculate the remainder when 3762 is divided by 806.
538
What is the remainder when 631 is divided by 157?
3
Calculate the remainder when 247807 is divided by 68.
15
Calculate the remainder when 80722 is divided by 270.
262
Calculate the remainder when 48668 is divided by 310.
308
Calculate the remainder when 815 is divided by 390.
35
Calculate the remainder when 20224 is divided by 970.
824
What is the remainder when 13540 is divided by 852?
760
Calculate the remainder when 6132 is divided by 78.
48
What is the remainder when 7609 is divided by 7595?
14
Calculate the remainder when 8530 is divided by 67.
21
Calculate the remainder when 513710 is divided by 19.
7
What is the remainder when 157128 is divided by 35?
13
Calculate the remainder when 3485 is divided by 425.
85
Calculate the remainder when 12724138 is divided by 132.
130
Calculate the remainder when 44079 is divided by 1920.
1839
Calculate the remainder when 7227 is divided by 301.
3
Calculate the remainder when 1634 is divided by 26.
22
Calculate the remainder when 34649 is divided by 34634.
15
Calculate the remainder when 20092 is divided by 89.
67
What is the remainder when 7383191 is divided by 718?
715
What is the remainder when 575 is divided by 305?
270
What is the remainder when 38099 is divided by 39?
35
What is the remainder when 1033092 is divided by 163?
161
Calculate the remainder when 732703 is divided by 173.
48
What is the remainder when 16198 is divided by 19?
10
What is the remainder when 266699 is divided by 32?
11
Calculate the remainder when 4778 is divided by 253.
224
Calculate the remainder when 358611 is divided by 13.
6
Calculate the remainder when 2909 is divided by 1445.
19
Calculate the remainder when 2839 is divided by 2811.
28
Calculate the remainder when 487819 is divided by 1027.
1021
What is the remainder when 4655973 is divided by 104?
101
What is the remainder when 151310 is divided by 30?
20
What is the remainder when 36244 is divided by 366?
10
Calculate the remainder when 103068 is divided by 104.
4
Calculate the remainder when 320783 is divided by 123.
122
What is the remainder when 169973 is divided by 63?
62
Calculate the remainder when 75436 is divided by 16.
12
Calculate the remainder when 5850 is divided by 164.
110
What is the remainder when 12762 is divided by 19?
13
Calculate the remainder when 1023 is divided by 219.
147
What is the remainder when 1824443 is divided by 47?
44
Calculate the remainder when 39910 is divided by 120.
70
Calculate the remainder when 102 is divided by 62.
40
Calculate the remainder when 24214 is divided by 3166.
2052
Calculate the remainder when 18359 is divided by 12.
11
What is the remainder when 33708 is divided by 11229?
21
What is the remainder when 4105 is divided by 58?
45
What is the remainder when 326596 is divided by 58?
56
What is the remainder when 71859 is divided by 35900?
59
Calculate the remainder when 42794 is divided by 232.
106
What is the remainder when 11799 is divided by 11772?
27
Calculate the remainder when 21262 is divided by 434.
430
Calculate the remainder when 112642 is divided by 19.
10
What is the remainder when 2889 is divided by 948?
45
What is the remainder when 5236 is divided by 15?
1
What is the remainder when 1961 is divided by 326?
5
What is the remainder when 10490 is divided by 173?
110
Calculate the remainder when 2167 is divided by 507.
139
Calculate the remainder when 900 is divided by 872.
28
Calculate the remainder when 73167 is divided by 135.
132
What is the remainder when 6852 is divided by 7?
6
What is the remainder when 17632 is divided by 4408?
0
What is the remainder when 1293 is divided by 1081?
212
What is the remainder when 455 is divided by 15?
5
Calculate the remainder when 120737 is divided by 1654.
1649
What is the remainder when 72380 is divided by 23?
22
What is the remainder when 1660 is divided by 820?
20
Calculate the remainder when 2089 is divided by 1829.
260
Calculate the remainder when 312542 is divided by 104173.
23
What is the remainder when 58812 is divided by 2028?
0
Calculate the remainder when 50427 is divided by 5042.
7
Calculate the remainder when 54961 is divided by 6869.
9
Calculate the remainder when 15508 is divided by 1408.
20
Calculate the remainder when 444 is divided by 42.
24
What is the remainder when 243918 is divided by 22165?
103
What is the remainder when 973439 is divided by 640?
639
Calculate the remainder when 21334 is divided by 4233.
169
What is the remainder when 2158 is divided by 169?
130
What is the remainder when 883546 is divided by 14?
6
Calculate the remainder when 7544 is divided by 1502.
34
Calculate the remainder when 44067 is divided by 127.
125
Calculate the remainder when 72855 is divided by 36422.
11
What is the remainder when 71542 is divided by 21?
16
Calculate the remainder when 6619 is divided by 69.
64
Calculate the remainder when 27067 is divided by 56.
19
What is the remainder when 18801 is divided by 85?
16
Calculate the remainder when 2573 is divided by 678.
539
Calculate the remainder when 284819 is divided by 25.
19
What is the remainder when 29248 is divided by 103?
99
What is the remainder when 1701 is divided by 9?
0
Calculate the remainder when 413 is divided by 384.
29
What is the remainder when 1252 is divided by 386?
94
Calculate the remainder when 172121 is divided by 59.
18
Calculate the remainder when 19452 is divided by 809.
36
What is the remainder when 53283 is divided by 321?
318
Calculate the remainder when 396820 is divided by 5589.
1
What is the remainder when 102334 is divided by 246?
244
Calculate the remainder when 29148 is divided by 109.
45
Calculate the remainder when 144264 is divided by 36060.
24
Calculate the remainder when 6396 is divided by 2128.
12
Calculate the remainder when 819 is divided by 10.
9
Calculate the remainder when 249 is divided by 249.
0
Calculate the remainder when 119688 is divided by 297.
294
Calculate the remainder when 8845 is divided by 1102.
29
Calculate the remainder when 64714 is divided by 12931.
59
Calculate the remainder when 218189 is divided by 208.
205
Calculate the remainder when 16092 is divided by 622.
542
Calculate the remainder when 26498 is divided by 11.
10
Calculate the remainder when 889 is divided by 691.
198
What is the remainder when 565 is divided by 294?
271
Calculate the remainder when 3435 is divided by 868.
831
What is the remainder when 82254 is divided by 82194?
60
What is the remainder when 22930 is divided by 20?
10
What is the remainder when 5397 is divided by 882?
105
Calculate the remainder when 23859 is divided by 26.
17
Calculate the remainder when 1478 is divided by 813.
665
Calculate the remainder when 1284 is divided by 189.
150
What is the remainder when 7173 is divided